1
Evaluate -17 + (43 - 6) - (-185 - -266).
-61
5 + 7 + -3 + 10 + 83 + -32
70
Evaluate (15 - ((-30 - -9) + (7 - -21))) + 17.
25
What is the value of 57 + (-30 - (-1 + (24 - 25) - 21))?
50
Evaluate -28 + (-18 + 22 + 3 - -11) + -2 + -79.
-91
What is 3 + 0 + 1 + (94 - 104) + -2?
-8
18 - (192 + -204 + (24 - (-4 - -2)))
4
What is (50 - 282) + (221 - 94)?
-105
What is the value of 50 - (-15 + -14 + 11 + 32)?
36
What is the value of (-6 + -3 - -34) + 106 + -88?
43
What is the value of 0 + 1 + 50 + -24 + 33 + -22?
38
What is (4 - (17 - -2 - (55 - 14))) + -4 + -1?
21
What is the value of 17 + -22 + 15 + (2 - 12) - (-28 - -4)?
24
120 + (-536 - -478 - (-32 - 0))
94
What is 45 + (0 - 0) + 10 + (-103 - -78)?
30
88 + 79 + -84 + -68
15
What is the value of (-25 - (-6 + -1)) + 10 - 6?
-14
What is the value of (-82 + 93 - -135) + -171?
-25
What is the value of -55 - (28 - 15) - (-6 + 19)?
-81
Evaluate 76 - (-27 - -61 - (11 - -19)).
72
What is -19 + -16 + (225 + -243 - (1 - 4))?
-50
What is the value of -21 + (5 - (2 - -4)) + 11 + 39?
28
-1 + -62 - (59 + -108 + 42) - -16
-40
Calculate 9 + -2 + 16 + 3 + 4.
30
What is the value of (-23 - (-7 + 15)) + (22 - 35)?
-44
Evaluate 1 + 10 - (18 + -9 + -3 + -3).
8
What is -16 + 42 + -19 + (-17 - (-10 + 6))?
-6
What is the value of -55 - ((7 - (-10 - -13)) + 10 + -24)?
-45
Evaluate 24 + -9 - (10 - -21).
-16
Evaluate 52 - (-67 + (-71 - -105)).
85
What is the value of -79 + (0 - -24) + 60 + -18 + -60?
-73
What is (78 - (86 + -48)) + (-22 - 9)?
9
Calculate 33 - (56 + -3 - 49).
29
-90 + 134 + -104 + -52
-112
Evaluate -4 - (-14 + 12 + -11 + 12).
-3
Calculate (3 - (-4 - -8)) + (146 - 75) + -13 + -1.
56
What is the value of (1 - -10) + (-2 - ((-4 - 22) + -21 + -25))?
81
Calculate -130 - -139 - (5 - -32).
-28
What is 52 - (27 - -13 - 25)?
37
-14 + 35 + (-246 - -191)
-34
(5 - (7 + (-5 - -7)) - 11) + 16
1
Evaluate -5 - (63 - (63 - -57)).
52
Calculate (-1737 - -1724) + (1 - (3 + 23)).
-38
What is 87 - (-6 + 47 + 52)?
-6
What is the value of (521 - 585) + (-17 - (-3 + (-2 - -1)))?
-77
What is the value of 28 + (10 - (-9 + 1 - 0))?
46
What is 21 - (-21 + 8 + 6 - -3)?
25
Evaluate 54 + (2 - -11 - 5) - 11.
51
Calculate 2 + 34 + -4 + -16 - (83 + -3).
-64
Calculate -2 + (121 + -51 - 50).
18
What is the value of 5 + -2 + 56 + -1 + 1 + (-124 - -132)?
67
Calculate (25 - (-94 + 93)) + 8 + 0.
34
What is the value of -55 + (-10 - (4 + 12 + -16 - 3)) - -1?
-61
Calculate -46 - (-10 - (6 - -92)).
62
-168 + -18 - (163 - 245)
-104
What is the value of -36 - (-46 + 22 + -19 - 146)?
153
-10 + 19 + 28 - (-328 + 411)
-46
What is 6 - (9 + 2 - (10 - -9 - 12 - -30))?
32
38 + (58 - 50) + -33
13
Evaluate -41 - (-23 - (34 + -10)).
6
Calculate 43 - (0 - (-15 + 8 - -12 - -7 - -2)).
57
What is 56 - (16 + (63 - 31) + -26)?
34
What is 174 + -146 - (-1 - (-7 - -47))?
69
What is the value of -50 + (6 - 3) - (-236 + 223)?
-34
What is -18 - (48 + -55 + 17)?
-28
Calculate -170 + (291 - (33 - -117)).
-29
What is the value of 17 + 22 + -60 - -1 - (-5 + 1)?
-16
Calculate 21 + (-15 - -8) + (-7 - -10).
17
(1 - -94) + (20 + (47 - 25) - 28) + -27
82
What is 6 + (34 - (23 + (20 - 41))) + 1 + -11?
28
What is (5 - 1) + (-11 - (-42 + -6) - (-2 + 18))?
25
3 + -51 - (-5 + (48 - 35))
-56
Calculate 0 + (-146 + 130 - (-18 + -1)).
3
8 - (-32 + -1 + 13)
28
(-10 - 1 - (67 + -86)) + (-58 - 2)
-52
What is the value of 16 + (-11 + 17 - (112 + -21)) - 11?
-80
What is the value of ((36 + -30 - (-2 - -12)) + 13 - 22) + -4?
-17
What is -3 - (-26 + 13 + 0 + 4 - -16)?
-10
What is the value of 54 - (56 + (48 - 56))?
6
Calculate 16 - (-4 + -31 + 36).
15
What is the value of -6 - (20 - (-17 + -6 + 37))?
-12
What is -86 + (70 - -112) - 76?
20
(-71 + 39 - -19) + 50 + -31
6
Evaluate (-906 + 944 - (136 - 0)) + 21.
-77
Evaluate (12 - 18 - (1 + 3)) + 13 + -11 + -6.
-14
75 + (-88 - -75) + -100
-38
What is the value of -34 - ((-18 - -2) + 9 + 13 + -10)?
-30
2 + -17 + -2 + (7 - (25 - 30)) + -15
-20
Calculate 127 + (9 - 32 - -19) + 5 + 3.
131
168 + -1 - (-18577 - -18646)
98
-5 - (8 + (20 - 21) + -8)
-4
Calculate -20 + 6 + -24 + (27 - (27 + -23)).
-15
Calculate 24 - (-22 - (24 + 13 + -17)).
66
Calculate (-14 - (5 + -3 + -2) - (-1088 + 1081)) + 9.
2
(41 - 45) + (-55 - -92)
33
What is -96 + 55 - 75 - -57?
-59
-13 + 8 + 8 + (-55 + 3 + 5 - -6)
-38
Calculate 114 - 116 - (4 - (4 - 2)).
-4
-84 + 74 - ((2 - 0) + -2 - 9)
-1
Calculate 4 - (1 + -10 + 46 + -13).
-20
What is the value of -33 - (-14 + 30 - 52)?
3
7 - (10 + (-6 - 0 - 29 - 0)) - -1
33
What is the value of ((-12 - -21) + 19 - 4) + -15 + 16?
25
Calculate 48 - (13 - (22 - 41)).
16
Evaluate -124 + 127 + -62 + 5.
-54
What is 1 + -40 + -1 + (36 - 16 - (6 - -12))?
-38
What is -35 - (7 + -27) - (4 + -2 - (0 + 0))?
-17
Calculate -34 - 25 - -124 - 107.
-42
-16 + 1 + (90 - (-62 - -44) - -11)
104
What is 27 + -103 + 99 - (-13 + 0)?
36
What is 28 - (-6 - -2 - (-6 - -21))?
47
(117 - -43 - 57) + -49
54
What is the value of (-2 - -94 - (72 + -70)) + 13 + 1 + -5?
99
What is -22 + -55 - (20 - 117)?
20
7 - (-3 - 43 - -27)
26
Calculate -78 - (-14 + 46) - (-9 + -6) - 0.
-95
What is the value of -7 - (-145 + -19 + 86)?
71
Evaluate 17 - ((17 + -21 - 18) + 41).
-2
Evaluate 29 + (34 - 15 - -7 - 39).
16
Calculate (25 - -6 - -64) + -75.
20
(-11 - (-6 + -13) - 33) + 21 - -97
93
8 + 20 + 9 + (20 - 19)
38
What is the value of 86 + (-5 - (-9 + 23))?
67
What is -29 - (31 + (37 + -248 - -46))?
105
What is -6 + 5 - (1 - -40 - (5 - 8))?
-45
Calculate (-3 - (-4 - -1) - 7) + (-10 - -36).
19
Calculate -42 + (18 - (-16 - 3)) + -42.
-47
What is the value of 35 - (-19 + (106 - 64))?
12
What is -9 + 35 + -33 - (0 - -6 - 34)?
21
What is 31 + 22 + 31 + -100?
-16
What is the value of 26 + (-155 - (93 + -125))?
-97
Evaluate (-39 - -17) + 24 + 5 + -4 + 2.
5
What is -1 + 6 - (-97 + 82 + 3 + 0) - 7?
10
(-37 - -23) + (-17 + -4 - 42)
-77
-20 - -32 - 17 - 30
-35
Evaluate 24 + -2 + (2 - -32).
56
-144 + (19 + 17 - 69) + 57
-120
Evaluate (-24 - ((4 - (-3 - -27)) + 28)) + 13.
-19
What is 7 + -4 + -6 - 9 - (56 - (-114 + 143))?
-39
Evaluate 17 + (40 - 37 - 12) + -72.
-64
Calculate (-3 - (-6 - 59 - 5)) + (65 - 80).
52
What is -249 + 278 + (2 + 0 - 28)?
3
Evaluate 0 + -2 + -28 + 2660 + -2558.
72
Calculate -34 + (-16 - -12 - -28) - -71.
61
26 + -16 + -53 + 26 + -29
-46
What is -16 - 3 - (-38 + -41 + 71)?
-11
(254 - 314) + 7 + 41
-12
Calculate (36 - 31) + -37 + 25 + 4 + 70.
67
(46 - (-40 - -88)) + -4 + 2
-4
(575 - 611) + (100 - 4)
60
Calculate 256 - 292 - (23 + -10).
-49
What is (3 + -4 + 11 - -2) + -3 + -12 - 36?
-39
What is (-3 - (2 + (2 - 6))) + (29 - 34 - -57)?
51
What is 99 - (-87 - (-32 - 109))?
45
Evaluate 1 + 76 - (-39 + 57) - (-20 + -2).
81
What is 56 - (153 - (-80 - -60))?
-117
2 - (17 - (9 + (2 - -23)) - -19)
0
What is the value of 6 + (5 - 8) - 7 - (-264 - -303)?
-43
Calculate -52 - (-6 + (4 - (-2 - 0)) - (-13 + 12)).
-53
What is the value of 58 - 63 - ((3 + 25 - 13) + -126)?
106
What is the value of -21 + (-65 - -50) - -8?
-28
5 + -7 + 13 + -3 + 5 - 62
-49
(-5 - ((6 - 0) + -11)) + 10 + 12
22
What is the value of -21 + (5 + 19 + (-10 - 3) - -1)?
-9
What is (-30 - (14 - 59) - 18) + (122 - 5)?
114
Evaluate (-5 - (-3 - -10)) + (-12 - (-4 + -28) - -8).
16
What is the value of -10452 + 10370 - (1 - 30)?
-53
Calculate 14 + -38 + 8 + 14 - (2 - -8 - -4).
-16
What is 1 + 12 + (166 + -37 - 36) + -30?
76
93 + (-144 - -166) - ((0 - (1 - 2)) + 2)
112
Evaluate (5 - 112) + -3748 + 3772.
-83
Calculate -20 + (-13 - (-2 + -36)) + 6.
11
-100 - ((-29 - ((-12 - -18) + -12)) + 7)
-84
What is -27 - ((25 - 20) + 64)?
-96
Evaluate -20 + -4 - (36 - 10 - 19).
-31
0 + -17 + -48 + (30 - 28) + 91
28
Calculate (0 - (19 + -22 - 38)) + -24.
17
What is (0 - (4 - -5)) + (6 + 52 + -16 - -15)?
48
Calculate (56 - 1) + (138 - (26 + 119)).
48
Calculate -2 - -20 - (-20 + (16 - 10)).
32
(116 - 0) + (-25316 - -25310)
110
(3 - 1) + 29 + 20 + (-58 + -1 - -37)
29
Calculate -1 + ((0 - -13) + (-68 - -63) - (4 - 1)).
4
Calculate -20 - (19 - (-32 + -62)) - 1.
-134
What is the value of (26 + (14 - 29) - 11) + (-3 - 42)?
-45
-3 + -108 + 5 + -1 - (283 + -294)
-96
What is -4 + (-15 + -1 - -19) - (13 + -1)?
-13
Calculate 101 + (11 - (23 + -14 + (7 - 0 - 8))).
104
16 + 8 + (3 - 14 - -9) - (-10 + 5)
27
What is -18 + (-13 + 29 - (6 + (2 - -2)))?
-12
What is 119 +